In base 6, what is 2 + 33442?
33444
In base 2, what is -11 + -1001110111101?
-1001111000000
In base 3, what is 12 + -11020111?
-11020022
In base 7, what is -2023 + 42?
-1651
In base 12, what is -78378 - -5?
-78373
In base 5, what is 3434 - 22004?
-13020
In base 15, what is -1aea3 - -8?
-1ae9a
In base 3, what is -11002201201202 - 0?
-11002201201202
In base 4, what is -12001 - -12?
-11323
In base 16, what is -7ab3 + 7?
-7aac
In base 5, what is 1024 + -11231?
-10202
In base 15, what is 1b890 - -12?
1b8a2
In base 3, what is -22222 + 101011?
1012
In base 15, what is -4 - -44063?
4405e
In base 8, what is 5005 + -2125?
2660
In base 2, what is 10011011110 - 11011?
10011000011
In base 8, what is 64 - -10075?
10161
In base 9, what is -1610472 - 4?
-1610476
In base 12, what is 76a + -58?
712
In base 16, what is 122 + 5e5?
707
In base 14, what is 5951 - -2?
5953
In base 4, what is 312 - -22000?
22312
In base 12, what is -87b1 - -7?
-87a6
In base 7, what is 142 - -1036?
1211
In base 12, what is -38732a - 0?
-38732a
In base 12, what is -28 + -3310?
-3338
In base 7, what is 5 - 2104545?
-2104540
In base 6, what is -2350253 + 4?
-2350245
In base 2, what is 111000110 + -100001?
110100101
In base 16, what is -82 + -2fd6?
-3058
In base 2, what is 100111000010110000 + 110?
100111000010110110
In base 3, what is 101112020010 - -1?
101112020011
In base 16, what is -18fdb - e?
-18fe9
In base 7, what is -420426 + -1?
-420430
In base 4, what is -3 - 2222002?
-2222011
In base 4, what is -10 - 211211?
-211221
In base 13, what is -215 - 2b?
-243
In base 8, what is 65 - -110?
175
In base 12, what is 1398 - a7?
12b1
In base 3, what is 1221122 - 222?
1220200
In base 14, what is 7 - 756c?
-7565
In base 12, what is -5 + 144052?
144049
In base 7, what is -41 + 44243?
44202
In base 14, what is -d1 - 5?
-d6
In base 6, what is 12 - -2042131?
2042143
In base 8, what is -636547 - 2?
-636551
In base 13, what is -9c50 - 3?
-9c53
In base 11, what is 4 + 62446?
6244a
In base 14, what is 2a613d + -3?
2a613a
In base 7, what is 1101052 - 1?
1101051
In base 4, what is 13 + 1121033?
1121112
In base 16, what is -166 - -34?
-132
In base 6, what is 3 - -112422?
112425
In base 16, what is -7fc - -3?
-7f9
In base 8, what is -663 - -361?
-302
In base 16, what is -23f + -1f?
-25e
In base 16, what is -1e + 17a93?
17a75
In base 16, what is 945 + -11?
934
In base 9, what is 705 + -103?
602
In base 5, what is 2144 - 1424?
220
In base 7, what is 12656 + 410?
13366
In base 13, what is 3667 + 4?
366b
In base 5, what is 3122 + -4121?
-444
In base 8, what is -2 + -24414?
-24416
In base 10, what is -6901 - -29?
-6872
In base 3, what is 1000 + 1001012100?
1001020100
In base 2, what is -1 - -10001001110001?
10001001110000
In base 4, what is 11001103 + 3320?
11011023
In base 6, what is 11 + -53312?
-53301
In base 3, what is -10 + -1221122122212?
-1221122122222
In base 3, what is 20012111021 - 120?
20012110201
In base 10, what is 771 + -115?
656
In base 5, what is 2 - -111102300?
111102302
In base 16, what is 1 + 3140?
3141
In base 3, what is 10 + -11220011?
-11220001
In base 12, what is -a46b + -61?
-a510
In base 13, what is 3 + 99047?
9904a
In base 4, what is -12123 - -1301?
-10222
In base 8, what is -6511 - 5?
-6516
In base 5, what is 34 - -14321233?
14321322
In base 7, what is 262 + -532?
-240
In base 5, what is -13330122 - -4?
-13330113
In base 2, what is -1100 + 1111111000011000?
1111111000001100
In base 2, what is -110 - -101101100000100?
101101011111110
In base 10, what is 1 + -82850?
-82849
In base 15, what is -3 + 19cd?
19ca
In base 12, what is -3a - 10a77?
-10ab5
In base 10, what is 208502 + 9?
208511
In base 14, what is 39 - -1cc5?
1d20
In base 3, what is 20212 - -220111?
1011100
In base 16, what is -18e + -4a65?
-4bf3
In base 9, what is 341 + 128?
470
In base 13, what is 170a6 + -4?
170a2
In base 13, what is -182 + 2667?
24b5
In base 6, what is -31012 - -15?
-30553
In base 14, what is -d4593 + 1?
-d4592
In base 7, what is 4151365 + 4?
4151402
In base 4, what is -13 + 1321102?
1321023
In base 15, what is -3 + 98c30?
98c2c
In base 8, what is -10 - -131653?
131643
In base 10, what is 189 - -679?
868
In base 13, what is 5a - 53?
7
In base 7, what is -300 + 34?
-233
In base 3, what is -200 - -100000002121?
100000001221
In base 5, what is 23134 - -143?
23332
In base 10, what is -1 + -192431?
-192432
In base 5, what is 1 - 14041?
-14040
In base 4, what is 212110120 - -123?
212110303
In base 6, what is 1240222 + 4?
1240230
In base 8, what is 3652 - 245?
3405
In base 9, what is 1454 + 355?
1820
In base 7, what is -110064600 + 0?
-110064600
In base 11, what is 130 - -295?
415
In base 16, what is 342bd1 - 0?
342bd1
In base 11, what is -4 + -1a4100?
-1a4104
In base 13, what is 1927 - 10?
1917
In base 16, what is 3 - 3056?
-3053
In base 6, what is 111303 + -2?
111301
In base 16, what is -1 - 8c6c?
-8c6d
In base 2, what is -101 - -10100011011001010?
10100011011000101
In base 4, what is -2300 + -30102?
-33002
In base 13, what is -5 + 8268?
8263
In base 12, what is -3 + b070a?
b0707
In base 15, what is -2c - 493?
-4c0
In base 15, what is 3 - -1043?
1046
In base 2, what is -110100000010110100110 - 10?
-110100000010110101000
In base 11, what is 40 - -5439?
5479
In base 15, what is -1 + -6272?
-6273
In base 6, what is -230 + -340?
-1010
In base 14, what is -22 - -2b4?
292
In base 6, what is -15 + 5410?
5351
In base 4, what is 2 - 2322300?
-2322232
In base 16, what is -773 - -b5?
-6be
In base 9, what is -67203 + 4?
-67188
In base 11, what is -5 + -4728?
-4732
In base 8, what is -3516126 - -1?
-3516125
In base 4, what is 11331320 - -223?
11332203
In base 9, what is -61 - -4075?
4014
In base 10, what is -38 + -14139?
-14177
In base 9, what is 1831 + 616?
2547
In base 13, what is 396854 + -4?
396850
In base 5, what is 1210 - -110311?
112021
In base 4, what is -11003 - 121123?
-132132
In base 14, what is 5d12 - -12?
5d24
In base 4, what is -10 + -1121013?
-1121023
In base 4, what is 22 + 103331?
110013
In base 6, what is -11 - 2234515?
-2234530
In base 7, what is -26 - -12113?
12054
In base 5, what is 431 + -101?
330
In base 13, what is 2 - 9c63?
-9c61
In base 13, what is -7125 + -1?
-7126
In base 6, what is 45 + 302?
351
In base 14, what is -2146 + 38?
-210c
In base 5, what is -2340434 - 34?
-2341023
In base 8, what is 5 + 573515?
573522
In base 3, what is -1 + 2022112011?
2022112010
In base 9, what is -14437 + -5?
-14443
In base 5, what is -2413 + 422334?
414421
In base 13, what is -49 + -1a06?
-1a52
In base 7, what is 21 - 1242602?
-1242551
In base 10, what is 4 + 360518?
360522
In base 3, what is 11 + 102222211?
102222222
In base 3, what is 12222102111111 - -12?
12222102111200
In base 9, what is 1860 - -12?
1872
In base 15, what is 1 - -986e?
9870
In base 10, what is -2444 - 1?
-2445
In base 8, what is -44 - -423?
357
In base 12, what is 168783 + 4?
168787
In base 15, what is 5 - -2ebb6?
2ebbb
In base 4, what is 3 - -10101023?
10101032
In base 7, what is 2533 + 146?
3012
In base 13, what is -4 + a4279?
a4275
In base 9, what is -52 + 22742?
22680
In base 16, what is -2 - 880dd?
-880df
In base 7, what is 2616110 - -2?
2616112
In base 4, what is -130020 + -202?
-130222
In base 16, what is -2bfe5 + 22?
-2bfc3
In base 11, what is 10116 + -15?
10101
In base 9, what is -563835 - 0?
-563835
In base 12, what is -40829 - 2?
-4082b
In base 15, what is 2e + -71e?
-6e0
In base 10, what is 6 + -12137?
-12131
In base 9, what is -42185 + -17?
-42213
In base 10, what is 2777 - -30?
2807
In base 14, what is -15a77 - -d?
-15a68
In base 3, what is 220100 + -112021?
101002
In base 4, what is 10112110 + 31?
10112201
In base 6, what is 113513 - -15?
113532
In base 13, what is c03 + 280?
1183
In base 8, what is -63 - -1517?
1434
In base 3, what is 21002122222 - 1?
21002122221
In base 9, what is -53 - -43?
-10
In base 4, what is 130 - 301231?
-301101
In base 8, what is 15 + 425771?
426006
In base 8, what is -414 + 44?
-350
In base 5, what is -202 + -13023?
-13230
In base 13, what is -684 + -2c?
-6b3
In base 16, what is 18412 - -1?
18413
In base 9, what is -2607 - -46?
-2551
In base 12, what is 23 - -9b3?
a16
In base 5, what is -111244 + -3132?
-114431
In base 6, what is 1 + 1410534?
1410535
In base 15, what is 1 - 2220?
-221e
In base 6, w